What is the hundreds digit of 892910635?
6
What is the ten thousands digit of 1016562672?
6
What is the thousands digit of 169941881?
1
What is the millions digit of 3685573822?
5
What is the ten thousands digit of 17960371?
6
What is the hundreds digit of 26666613?
6
What is the ten millions digit of 316232152?
1
What is the hundreds digit of 127599080?
0
What is the millions digit of 234941854?
4
What is the ten millions digit of 11440462?
1
What is the ten thousands digit of 102932958?
3
What is the tens digit of 8772517?
1
What is the hundred millions digit of 1135428347?
1
What is the hundreds digit of 59408703?
7
What is the hundred thousands digit of 93512415?
5
What is the tens digit of 23443356?
5
What is the ten thousands digit of 44501575?
0
What is the hundred thousands digit of 202372881?
3
What is the thousands digit of 363718196?
8
What is the hundreds digit of 211952644?
6
What is the tens digit of 34072245?
4
What is the units digit of 18679880?
0
What is the thousands digit of 3039314711?
4
What is the units digit of 400961158?
8
What is the hundreds digit of 364698687?
6
What is the tens digit of 88334252?
5
What is the hundred millions digit of 140532525?
1
What is the tens digit of 385811494?
9
What is the thousands digit of 1646851758?
1
What is the millions digit of 947917148?
7
What is the thousands digit of 555619910?
9
What is the tens digit of 99123707?
0
What is the ten millions digit of 1043373247?
4
What is the ten thousands digit of 2781190310?
9
What is the units digit of 535472407?
7
What is the thousands digit of 387440442?
0
What is the hundred millions digit of 2163954160?
1
What is the millions digit of 68419707?
8
What is the ten thousands digit of 2717636084?
3
What is the thousands digit of 2989835?
9
What is the hundreds digit of 78748683?
6
What is the ten millions digit of 208852856?
0
What is the tens digit of 511853366?
6
What is the hundreds digit of 409400632?
6
What is the hundred thousands digit of 847293060?
2
What is the units digit of 408625430?
0
What is the ten thousands digit of 2776878004?
7
What is the hundred millions digit of 250381796?
2
What is the ten millions digit of 17390791?
1
What is the hundred thousands digit of 490949663?
9
What is the millions digit of 4499769705?
9
What is the millions digit of 77318217?
7
What is the ten millions digit of 293406627?
9
What is the hundred thousands digit of 680180543?
1
What is the hundreds digit of 1077599027?
0
What is the thousands digit of 933146352?
6
What is the thousands digit of 8740779371?
9
What is the ten millions digit of 2689680483?
8
What is the units digit of 742243929?
9
What is the ten thousands digit of 59362555?
6
What is the ten thousands digit of 30095575?
9
What is the ten thousands digit of 12966115?
6
What is the units digit of 51534123?
3
What is the tens digit of 31620319?
1
What is the tens digit of 8713123?
2
What is the thousands digit of 717568311?
8
What is the hundred millions digit of 156301049?
1
What is the thousands digit of 232401872?
1
What is the ten thousands digit of 144990564?
9
What is the tens digit of 43375967?
6
What is the ten millions digit of 214956829?
1
What is the ten thousands digit of 69955272?
5
What is the hundred thousands digit of 532680053?
6
What is the thousands digit of 67308980?
8
What is the ten thousands digit of 701332177?
3
What is the hundred millions digit of 5472022641?
4
What is the thousands digit of 333713?
3
What is the tens digit of 1857516590?
9
What is the thousands digit of 83048805?
8
What is the tens digit of 167968212?
1
What is the ten thousands digit of 291186902?
8
What is the tens digit of 1102614522?
2
What is the hundreds digit of 25132679?
6
What is the ten millions digit of 166636284?
6
What is the hundred millions digit of 206215803?
2
What is the millions digit of 3330662032?
0
What is the ten thousands digit of 27330266?
3
What is the tens digit of 99904870?
7
What is the hundreds digit of 2602291829?
8
What is the tens digit of 231088988?
8
What is the millions digit of 117718039?
7
What is the hundred thousands digit of 2213738128?
7
What is the hundred thousands digit of 35461776?
4
What is the hundred millions digit of 6310692546?
3
What is the thousands digit of 136125910?
5
What is the ten thousands digit of 2802656365?
5
What is the millions digit of 282619574?
2
What is the hundred thousands digit of 59316109?
3
What is the hundreds digit of 1782234012?
0
What is the ten thousands digit of 305586066?
8
What is the units digit of 1423991272?
2
What is the hundreds digit of 1438796059?
0
What is the tens digit of 11009537?
3
What is the ten thousands digit of 75463561?
6
What is the millions digit of 850613853?
0
What is the tens digit of 244544368?
6
What is the units digit of 298192254?
4
What is the units digit of 765668654?
4
What is the hundreds digit of 114442504?
5
What is the hundred millions digit of 477728783?
4
What is the ten millions digit of 271503631?
7
What is the thousands digit of 599335927?
5
What is the ten thousands digit of 456412774?
1
What is the units digit of 561444833?
3
What is the ten millions digit of 12321725?
1
What is the ten thousands digit of 43582183?
8
What is the hundreds digit of 1244446377?
3
What is the thousands digit of 7695586255?
6
What is the tens digit of 57721441?
4
What is the tens digit of 81911978?
7
What is the hundred thousands digit of 51667390?
6
What is the units digit of 20938552?
2
What is the millions digit of 25918661?
5
What is the tens digit of 11597337?
3
What is the hundred thousands digit of 2770503800?
5
What is the ten thousands digit of 483006833?
0
What is the hundred millions digit of 4596371373?
5
What is the hundreds digit of 319655523?
5
What is the thousands digit of 2976759613?
9
What is the units digit of 41615370?
0
What is the hundred millions digit of 324046157?
3
What is the millions digit of 6275761905?
5
What is the hundreds digit of 29004212?
2
What is the units digit of 26523533?
3
What is the hundred thousands digit of 2771039464?
0
What is the units digit of 1827774353?
3
What is the billions digit of 1329914898?
1
What is the ten millions digit of 1040312015?
4
What is the hundred thousands digit of 58345639?
3
What is the ten thousands digit of 272446582?
4
What is the thousands digit of 39367071?
7
What is the hundred millions digit of 8433041467?
4
What is the units digit of 106954288?
8
What is the billions digit of 6970907035?
6
What is the tens digit of 30858613?
1
What is the millions digit of 1625045942?
5
What is the hundred thousands digit of 58309321?
3
What is the ten thousands digit of 440030134?
3
What is the tens digit of 209669532?
3
What is the tens digit of 14462069?
6
What is the units digit of 262392126?
6
What is the millions digit of 214270173?
4
What is the hundreds digit of 96946014?
0
What is the ten millions digit of 169649096?
6
What is the hundred thousands digit of 101255864?
2
What is the hundred millions digit of 263189534?
2
What is the ten thousands digit of 368166264?
6
What is the tens digit of 75699801?
0
What is the units digit of 27054567?
7
What is the ten millions digit of 192005663?
9
What is the tens digit of 24761147?
4
What is the millions digit of 260819227?
0
What is the hundred millions digit of 155119524?
1
What is the hundreds digit of 439409606?
6
What is the ten millions digit of 45853332?
4
What is the ten thousands digit of 54374542?
7
What is the units digit of 181985981?
1
What is the billions digit of 1933646499?
1
What is the hundreds digit of 1604022034?
0
What is the millions digit of 51801460?
1
What is the millions digit of 72173152?
2
What is the hundred millions digit of 3153357675?
1
What is the billions digit of 6459885438?
6
What is the hundred thousands digit of 221200715?
2
What is the ten thousands digit of 974906702?
0
What is the hundred thousands digit of 26220336?
2
What is the units digit of 1102607922?
2
What is the ten millions digit of 518689531?
1
What is the millions digit of 20440933?
0
What is the millions digit of 958205280?
8
What is the thousands digit of 241346599?
6
What is the thousands digit of 2269726617?
6
What is the units digit of 18630938?
8
What is the units di